 Suppose -3*l = 3*h - 27, -5*l + 0*l + 33 = 2*h. Give n(l).
-7
Let q(g) = -8 + 36 - 4 + 3*g - 9 - 12. Give q(-2).
-3
Let o(i) = -16 - 3*i**2 - i + i**2 - 23*i. Let p be o(-11). Let c(u) = 2*u**2 - 8*u. What is c(p)?
24
Let r(c) = -c**3 + c**2 + 13. Let g(h) = 2*h - 13. Let a be g(11). Let w(z) be the first derivative of -3*z + 1. Let i(d) = a*w(d) + 2*r(d). What is i(-1)?
3
Let h(r) be the second derivative of -r**4/12 + 13*r**3/6 + 9*r**2/2 + 2*r - 71. What is h(14)?
-5
Let u(a) = -9 - 3*a**2 - a**3 + a + 0*a + 10 + 1. What is u(-3)?
-1
Let c(k) = k. Let p = -2 - -6. Suppose -p*t - 10 = -n - 6*t, -4*n = -3*t + 15. Calculate c(n).
0
Let f be (12/(-5))/((-2)/5). Let i(j) = 3*j**2 + 98*j**3 - 99*j**3 + f*j + 5 - 6. What is i(4)?
7
Let x(k) = -5*k + 13 + 778*k**3 + 3*k - 12*k**2 - 779*k**3 - 7*k. What is x(-11)?
-9
Let q(a) = -2*a - 24. Let w be q(-10). Let i = 6 + -3. Let s(b) = -1 + 2*b + 5*b**2 + 0*b**3 - 2*b**i + 3*b**3. Give s(w).
7
Let r(h) be the first derivative of -h**3/3 - 7*h**2/2 + 2*h + 1. Let u = -251 - -244. Determine r(u).
2
Let m = -26 + 19. Let t(o) = 4*o - 3. Calculate t(m).
-31
Let u be 4/(-10) + (-73)/5. Let m be 69/u - (-2)/(-5). Let s(k) = k**2 + 6*k - 16. Let p(b) = -3*b**2 - 18*b + 53. Let o(h) = 4*p(h) + 13*s(h). What is o(m)?
-1
Let u(b) = -4 - 9*b**2 + 12*b + 0 + 2 + 8*b**2 - 10. What is u(8)?
20
Let o(x) = -3*x + 17. Suppose -l - 51*y + 49*y = -3, 5*l - 5*y = 45. Determine o(l).
-4
Let f(v) = 8*v**2 - 9*v - 2. Let x(y) = -7*y**2 + 8*y + 2. Let j(i) = 6*f(i) + 7*x(i). Suppose -14 = 3*n + 28. Let c = 17 + n. What is j(c)?
-1
Let c(n) = -n**2 - 10*n + 5. Let p be 2 + (-17*(-4)/(-4) - -4). Let i be c(p). Let v(f) = f**3 + 7*f**2 + 8*f + 4. What is v(i)?
-8
Let d(v) = -v**2 - 1. Let z(p) = p**3 - 7*p**2 + 14*p - 4. Let m be z(4). Let a(t) = -5*t**2 + 0 - t - 5 - t. Let y(w) = m*d(w) - a(w). What is y(-5)?
16
Let u(s) be the first derivative of s**7/840 + 7*s**6/360 - s**4/24 + 17*s**3/3 - 23. Let d(y) be the third derivative of u(y). Determine d(-7).
-1
Let t(o) be the third derivative of 0 - 1/24*o**4 + 0*o + 7/6*o**3 + 28*o**2. Determine t(10).
-3
Suppose 0 = 5*l - y + 23 - 3, 4*y = 3*l + 29. Let u(j) be the second derivative of -1/20*j**5 - 1/6*j**4 + 1/2*j**3 + 0 - 1/2*j**2 + 3*j. Determine u(l).
-1
Suppose 11*y - 16*y + 10 = 0. Suppose x - 1 = -2*b, -y*b - 3 + 2 = 3*x. Let h(u) = 15*u. Give h(x).
-15
Suppose -2*a = s - 9, 5*s - 15 - 12 = -4*a. Let n(v) be the third derivative of -v**5/30 + v**4/6 - v**3/6 + 59*v**2 - 2. What is n(a)?
-7
Let w(r) = 2*r - 1. Let h be (-3)/2 - (-162)/(-12). Let d be h/35 + (-6)/(-14). Suppose -3*f - 19 + 7 = d. Calculate w(f).
-9
Let p be -1 + 1/1 + -2. Let m(d) = -27*d - 18. Let n(v) = 4*v + 3. Let q(l) = m(l) + 6*n(l). What is q(p)?
6
Let t(o) = o + 1. Let g(b) = 4*b + 5. Let w(p) = p**3 - p - 1. Let n be w(-1). Let y(r) = n*g(r) + 5*t(r). Let q be (-1 - 0) + (-7)/(-1). Give y(q).
6
Let x = -11 + 10. Let l(d) be the first derivative of -7*d**5/60 - d**4/24 + 5*d**3/3 + 5. Let m(c) be the third derivative of l(c). Give m(x).
13
Let r(u) = 1 + 3*u**3 + 7*u**2 - 8*u + 5 + 2*u**3 - 6*u**3. Let n(i) = 5*i**2 + 4*i. Let k be n(-3). Suppose 4*j - k = 3*z, j + 15 = 2*j - 3*z. What is r(j)?
-6
Let b(d) = -2*d - 18. Suppose -2*t = 19 + 1. Determine b(t).
2
Let d(q) = q**3 - 11*q**2 + 10*q + 11. Suppose 246*y = 243*y + 30. Calculate d(y).
11
Let f(n) = -2*n**2 - 10*n + 2. Let t be (-42)/2 + 1716/143. What is f(t)?
-70
Let u(g) = -9*g + 5. Let h(a) = -1. Let i(x) = 3*h(x) + u(x). Let v(f) = 19*f - 3. Let l(m) = -9*i(m) - 4*v(m). Give l(4).
14
Let l(j) = -1 + 3 - 6*j + 7*j**2 + 8*j + 5*j - j**3. Calculate l(8).
-6
Let q be 64/24*15/2. Suppose 5*t + 0*t = q. Let l(b) = -b**3 + 3*b**2 + b. Determine l(t).
-12
Let k(w) = 11*w**3 - w**2 + 5*w. Let r(t) = 32*t**3 - 3*t**2 + 14*t. Let a(c) = 17*k(c) - 6*r(c). Let p = 95 - 71. Let m = p + -25. Give a(m).
5
Let m(i) = 5. Let w(o) = -o - 11. Let z(l) = 5*m(l) + 2*w(l). Let c(v) = -v + 1. Let h(q) = -c(q) + z(q). Calculate h(-2).
4
Let x(f) = -11*f + 10 + 0*f**2 + 15*f - f**2 + 10*f. Determine x(13).
23
Let o = -346 + 351. Let k(u) = -u**3 + 4*u**2 + 2*u + 9. What is k(o)?
-6
Suppose -3*i + 4*v - 17 = 0, -v + 2*v - 9 = -4*i. Let q(a) = 6*a**3 - a. Give q(i).
5
Let n be -2*4*4/(-8). Let w(c) = -286 + 144 + 143 + n*c. What is w(1)?
5
Let b(j) be the first derivative of -j**3/3 + 3*j**2/2 + 5*j - 3. Suppose -28 = -8*a + a. What is b(a)?
1
Let l = 2 + 1. Let v(o) = l*o + o - 6*o. Let b = 971 + -972. Calculate v(b).
2
Let t(f) = -f**2 + 9*f + 12. Suppose 7*a - 55 = -5*w + 2*a, 37 = 2*w + 5*a. Suppose 6*h = w + 54. Calculate t(h).
2
Suppose -r + 2*r = -2. Let j(o) = 311 + 2*o**2 + 2*o - 310 + 0*o + 0*o**2. Calculate j(r).
5
Let y(t) = -9*t + 434*t**2 - 1 - 428*t**2 + t**3 + t. What is y(-7)?
6
Suppose -2 = -c - 12. Let p = c - -19. Let j(d) = 6*d**2 + d**3 + p*d - 4*d - 2*d + 9. What is j(-6)?
-9
Let s(b) = -3*b + 1. Let j(u) = -39*u - 18. Let l(d) = j(d) - 12*s(d). Determine l(-12).
6
Let u(l) = -l**2 + 5*l + 3. Let y(w) = -w**3 - 14*w**2 + 13*w - 18. Let f be y(-15). Let g be (68/f - 3)*(-6)/(-4). Calculate u(g).
7
Suppose 14*s - 11*s + 16 = -h, -s - 4 = -h. Let r(u) = u**3 + 4*u**2 - 4*u + 4. What is r(s)?
-1
Let r(g) = -g**3 - 4*g**2 - 5*g - 4. Let d(o) = o**3 - o**2 - 6*o - 4. Let s = 39 - 39. Let u be d(s). Give r(u).
16
Let i = -10 - -14. Suppose -4*n - i = 16. Let r(w) = -2*w**3 - 23*w**2 + 13. Let u(b) = -b**3 - 11*b**2 + 6. Let v(t) = 6*r(t) - 13*u(t). What is v(n)?
0
Let m(w) = w. Let p(j) = -2*j + 2. Let o be p(-5). Suppose -3*u = -o - 33. Let z be u/6*2 - -1. Give m(z).
6
Let d(s) = -3*s + 87. Let z be d(28). Let b(a) = -2*a**2 + 2*a + 5. Calculate b(z).
-7
Let o(d) = 2*d**3 + 4*d**2 - 2. Suppose a - 3*w + 12 = -6*w, -4*a + 3*w - 3 = 0. Calculate o(a).
-20
Let v(m) be the second derivative of m**3/3 + 10*m**2 + 5*m - 6. Calculate v(-12).
-4
Let v(f) = 14*f + 70. Let y be v(-5). Let i(x) = x**2 - x - 4. What is i(y)?
-4
Let c = 1 - 1. Let b(d) = 14*d + 8*d**2 - 6 + 5*d - 25*d - d**3 + c*d**3. Give b(7).
1
Let b(j) = j**2 - j - 3. Let k(l) = -l**2 + 2. Let x = 34 - 29. Let r(s) = x*k(s) + 4*b(s). Calculate r(-2).
2
Let c(u) = 5*u**2 + 9*u. Let p be c(-2). Let i(x) = 608*x**p - 609*x**2 + 10 + 6 - 9*x. What is i(-11)?
-6
Let d = 26 - 11. Let a(j) = 36 - 11 + j**2 - 9*j - d. What is a(8)?
2
Let v(j) = -9*j**3 - 3*j + 2 + 8*j**3 + 5*j + 4*j - 4*j**2. What is v(-5)?
-3
Let n(r) be the third derivative of r**5/60 + r**4/8 - r**3/3 - 18*r**2. Give n(-3).
-2
Let b(g) = -28*g**2 + 1. Suppose 5*v + 3*i + 10 = 0, 8*i = -5*v + 12*i + 25. Determine b(v).
-27
Let c = -354 - -348. Let d(g) = -2*g - 13. What is d(c)?
-1
Let h(a) = -40*a**2 + 13*a - 93. Let x(u) = 19*u**2 - 6*u + 43. Let z(d) = 6*h(d) + 13*x(d). Let c(k) = -2*k - 3. Let v be c(-2). Give z(v).
8
Let d(t) be the third derivative of -t**6/720 - 9*t**5/40 + 17*t**4/24 + t**2 - 2*t. Let c(o) be the second derivative of d(o). Give c(0).
-27
Let o(a) be the second derivative of a**3/6 - a**2 - 3*a. Suppose 0*w + w - 21 = -4*r, -w - 3 = 0. Suppose -m = -2*p - r, 3*m + 3*p - 3 = -30. Determine o(m).
-6
Let z = 129 - 127. Let h(m) be the third derivative of m**5/15 - m**4/12 - m**3/3 + 6*m**2. Calculate h(z).
10
Let c(h) be the second derivative of 3*h**3/2 - 13*h**2/2 - 27*h. Calculate c(2).
5
Let m(z) be the third derivative of -z**4/8 + z**3/6 - z**2 + 24*z. Give m(-4).
13
Let z be 52/12 - (-1)/(-3). Let r = 3 - z. Let t(s) = -17*s + 7. Let g(f) = -15*f + 6. Let j(h) = 6*g(h) - 5*t(h). Calculate j(r).
6
Let h = 9 + -5. Suppose -k - 12 = -14. Let o(l) = -2*l**3 + 33*l**k - 28*l**2 + l**3 - l - 4. What is o(h)?
8
Suppose 0 = -16*y + 6 - 86. Let w(x) = -x - 2. Give w(y).
3
Let h(o) = o**3 + 5*o**2 + 2. Let w be h(-5). Let n(v) = 5 + 2*v - v**w - 4 + 0 + 2*v. Determine n(6).
-11
Let f(y) = -y + 2. Suppose 6*o = 2*s + 3*o - 3, 25 = -5*o. Calculate f(s).
8
Let p(g) be the second derivative of g**3/2 - 85*g**2/2 - 89*g. Calculate p(27).
-4
Let l(i) = -i - 6. Let g(w) = -w**3 - 8*w**2 + 8*w - 18. Let c be g(-9). Give l(c).
3
Suppose 9*m = 8*m - 2. Let h be m + (0/2 - -1). Let k(y) = -y - 1. Determine k(h).
0
Let y(t) = 3*t + 1. Let s be (-7 + -5)*(-2)/(-4). Let p be (-1)/((-21)/s - 3). Let b = p + 6. Give y(b).
